{"id":2,"date":"2008-10-27T18:04:59","date_gmt":"2008-10-27T18:04:59","guid":{"rendered":"http:\/\/www.salonmusik-saitenspruenge.de\/?page_id=2"},"modified":"2013-11-12T12:24:04","modified_gmt":"2013-11-12T11:24:04","slug":"ueber","status":"publish","type":"page","link":"https:\/\/www.salonmusik-saitenspruenge.de\/","title":{"rendered":"Startseite"},"content":{"rendered":"<p><strong>Margarethe Hlawa-Grundner<\/strong> und <strong>Thomas Breitsameter<\/strong> (Violinen),<br \/>\n<strong>Monika Gaggia<\/strong> (Violoncello),<br \/>\n<strong>Simon Angerpointner<\/strong> (Kontrabass) und<br \/>\n<strong>Sven-Jorge Schnoor<\/strong> (Klavier)<\/p>ngg_shortcode_0_placeholder<p>Wir widmen uns der Salonmusik aus der ersten H\u00e4lfte des 20. Jahrhunderts.<\/p>\n<p>Das Repertoire reicht dabei von Kompositionen des Walzerk\u00f6nigs Johann Strau\u00df \u00fcber Tangos, Zigeunermusik, M\u00e4rsche, Polkas und Charakterst\u00fccke, bekannten Operettenmelodien, Evergreens bis zu den Wiener Liedern des unvergessenen Robert Stolz.<!--?xml:namespace prefix = \"o\" ns = \"urn:schemas-microsoft-com:office:office\" \/--><\/p>\n<p>Die Salonmusik Saitenspr\u00fcnge tritt seit \u00fcber 15 Jahren mit gro\u00dfem Erfolg im gesamten s\u00fcddeutschen Raum und in \u00d6sterreich auf. Das Ensemble hat bis jetzt zwei CDs eingespielt, <em>&#8222;Komm zur\u00fcck&#8220;<\/em> (2001) und <em>&#8222;Plaisir d\u00b4amour&#8220;<\/em> (2007).<\/p>\n<p>2011 ist die Geigerin Margarethe Hlawa-Grundner f\u00fcr Thomas Strasser ins Ensemble gekommen.<\/p>\n<p>&nbsp;<\/p>\n<p><strong>Salonmusik &#8211; ein Relikt vergangener Zeiten?<\/strong><\/p>\n<p style=\"padding-left: 30px;\"><em><strong>&#8222;Wo Salonmusik erklingt, da wird geplaudert, gelacht, bekomplimentiert<br \/>\nund sich obendrein seines Daseins gefreut!&#8220;<\/strong><\/em> (So schrieben die Musikkritiker \u00fcber die Unterhaltungsmusik des 19. Jahrhunderts.)<\/p>\n<p>Doch die heutige Unterhaltungsindustrie interessiert sich nicht mehr f\u00fcr die musikalischen Relikte der feinen adeligen und gro\u00dfb\u00fcrgerlichen Salons aus der zweiten H\u00e4lfte des 19. Jahrhunderts, der Kaffeeh\u00e4user zu Beginn des 20. Jahrhunderts oder der Ufa-Zeit mit ihren publikumswirksamen Evergreens.<br \/>\nUnd wer &#8211; au\u00dfer den Liebhabern &#8211; w\u00fcsste heute schon, dass man bei Salonorchestern zwischen Wiener, Berliner und Pariser Besetzung differenziert; wer kennt noch die weitgehend vergessenen Komponisten, die ein Schattendasein in den lexikalischen Werken zur Musikgeschichte fristen?<\/p>\n","protected":false},"excerpt":{"rendered":"<p>Margarethe Hlawa-Grundner und Thomas Breitsameter (Violinen), Monika Gaggia (Violoncello), Simon Angerpointner (Kontrabass) und Sven-Jorge Schnoor (Klavier) Wir widmen uns der Salonmusik aus der ersten H\u00e4lfte des 20. Jahrhunderts. Das Repertoire reicht dabei von Kompositionen des Walzerk\u00f6nigs Johann Strau\u00df \u00fcber Tangos, Zigeunermusik, M\u00e4rsche, Polkas und Charakterst\u00fccke, bekannten Operettenmelodien, Evergreens bis zu den Wiener Liedern des unvergessenen [&hellip;]<\/p>\n","protected":false},"author":4,"featured_media":0,"parent":0,"menu_order":0,"comment_status":"closed","ping_status":"closed","template":"","meta":{"ngg_post_thumbnail":0,"footnotes":""},"class_list":["post-2","page","type-page","status-publish","hentry"],"yoast_head":"<!-- This site is optimized with the Yoast SEO plugin v26.6 - https:\/\/yoast.com\/wordpress\/plugins\/seo\/ -->\n<title>Startseite - SALONMUSIK-SAITENSPRUENGE<\/title>\n<meta name=\"robots\" content=\"index, follow, max-snippet:-1, max-image-preview:large, max-video-preview:-1\" \/>\n<link rel=\"canonical\" href=\"https:\/\/www.salonmusik-saitenspruenge.de\/\" \/>\n<meta property=\"og:locale\" content=\"de_DE\" \/>\n<meta property=\"og:type\" content=\"article\" \/>\n<meta property=\"og:title\" content=\"Startseite - SALONMUSIK-SAITENSPRUENGE\" \/>\n<meta property=\"og:description\" content=\"Margarethe Hlawa-Grundner und Thomas Breitsameter (Violinen), Monika Gaggia (Violoncello), Simon Angerpointner (Kontrabass) und Sven-Jorge Schnoor (Klavier) Wir widmen uns der Salonmusik aus der ersten H\u00e4lfte des 20. Jahrhunderts. Das Repertoire reicht dabei von Kompositionen des Walzerk\u00f6nigs Johann Strau\u00df \u00fcber Tangos, Zigeunermusik, M\u00e4rsche, Polkas und Charakterst\u00fccke, bekannten Operettenmelodien, Evergreens bis zu den Wiener Liedern des unvergessenen [&hellip;]\" \/>\n<meta property=\"og:url\" content=\"https:\/\/www.salonmusik-saitenspruenge.de\/\" \/>\n<meta property=\"og:site_name\" content=\"SALONMUSIK-SAITENSPRUENGE\" \/>\n<meta property=\"article:modified_time\" content=\"2013-11-12T11:24:04+00:00\" \/>\n<meta name=\"twitter:card\" content=\"summary_large_image\" \/>\n<meta name=\"twitter:label1\" content=\"Gesch\u00e4tzte Lesezeit\" \/>\n\t<meta name=\"twitter:data1\" content=\"1\u00a0Minute\" \/>\n<script type=\"application\/ld+json\" class=\"yoast-schema-graph\">{\"@context\":\"https:\/\/schema.org\",\"@graph\":[{\"@type\":\"WebPage\",\"@id\":\"https:\/\/www.salonmusik-saitenspruenge.de\/\",\"url\":\"https:\/\/www.salonmusik-saitenspruenge.de\/\",\"name\":\"Startseite - SALONMUSIK-SAITENSPRUENGE\",\"isPartOf\":{\"@id\":\"https:\/\/www.salonmusik-saitenspruenge.de\/#website\"},\"datePublished\":\"2008-10-27T18:04:59+00:00\",\"dateModified\":\"2013-11-12T11:24:04+00:00\",\"breadcrumb\":{\"@id\":\"https:\/\/www.salonmusik-saitenspruenge.de\/#breadcrumb\"},\"inLanguage\":\"de\",\"potentialAction\":[{\"@type\":\"ReadAction\",\"target\":[\"https:\/\/www.salonmusik-saitenspruenge.de\/\"]}]},{\"@type\":\"BreadcrumbList\",\"@id\":\"https:\/\/www.salonmusik-saitenspruenge.de\/#breadcrumb\",\"itemListElement\":[{\"@type\":\"ListItem\",\"position\":1,\"name\":\"Startseite\",\"item\":\"https:\/\/www.salonmusik-saitenspruenge.de\/\"},{\"@type\":\"ListItem\",\"position\":2,\"name\":\"Startseite\"}]},{\"@type\":\"WebSite\",\"@id\":\"https:\/\/www.salonmusik-saitenspruenge.de\/#website\",\"url\":\"https:\/\/www.salonmusik-saitenspruenge.de\/\",\"name\":\"SALONMUSIK-SAITENSPRUENGE\",\"description\":\"SALONMUSIK-SAITENSPRUENGE\",\"potentialAction\":[{\"@type\":\"SearchAction\",\"target\":{\"@type\":\"EntryPoint\",\"urlTemplate\":\"https:\/\/www.salonmusik-saitenspruenge.de\/?s={search_term_string}\"},\"query-input\":{\"@type\":\"PropertyValueSpecification\",\"valueRequired\":true,\"valueName\":\"search_term_string\"}}],\"inLanguage\":\"de\"}]}<\/script>\n<!-- \/ Yoast SEO plugin. -->","yoast_head_json":{"title":"Startseite - SALONMUSIK-SAITENSPRUENGE","robots":{"index":"index","follow":"follow","max-snippet":"max-snippet:-1","max-image-preview":"max-image-preview:large","max-video-preview":"max-video-preview:-1"},"canonical":"https:\/\/www.salonmusik-saitenspruenge.de\/","og_locale":"de_DE","og_type":"article","og_title":"Startseite - SALONMUSIK-SAITENSPRUENGE","og_description":"Margarethe Hlawa-Grundner und Thomas Breitsameter (Violinen), Monika Gaggia (Violoncello), Simon Angerpointner (Kontrabass) und Sven-Jorge Schnoor (Klavier) Wir widmen uns der Salonmusik aus der ersten H\u00e4lfte des 20. Jahrhunderts. Das Repertoire reicht dabei von Kompositionen des Walzerk\u00f6nigs Johann Strau\u00df \u00fcber Tangos, Zigeunermusik, M\u00e4rsche, Polkas und Charakterst\u00fccke, bekannten Operettenmelodien, Evergreens bis zu den Wiener Liedern des unvergessenen [&hellip;]","og_url":"https:\/\/www.salonmusik-saitenspruenge.de\/","og_site_name":"SALONMUSIK-SAITENSPRUENGE","article_modified_time":"2013-11-12T11:24:04+00:00","twitter_card":"summary_large_image","twitter_misc":{"Gesch\u00e4tzte Lesezeit":"1\u00a0Minute"},"schema":{"@context":"https:\/\/schema.org","@graph":[{"@type":"WebPage","@id":"https:\/\/www.salonmusik-saitenspruenge.de\/","url":"https:\/\/www.salonmusik-saitenspruenge.de\/","name":"Startseite - SALONMUSIK-SAITENSPRUENGE","isPartOf":{"@id":"https:\/\/www.salonmusik-saitenspruenge.de\/#website"},"datePublished":"2008-10-27T18:04:59+00:00","dateModified":"2013-11-12T11:24:04+00:00","breadcrumb":{"@id":"https:\/\/www.salonmusik-saitenspruenge.de\/#breadcrumb"},"inLanguage":"de","potentialAction":[{"@type":"ReadAction","target":["https:\/\/www.salonmusik-saitenspruenge.de\/"]}]},{"@type":"BreadcrumbList","@id":"https:\/\/www.salonmusik-saitenspruenge.de\/#breadcrumb","itemListElement":[{"@type":"ListItem","position":1,"name":"Startseite","item":"https:\/\/www.salonmusik-saitenspruenge.de\/"},{"@type":"ListItem","position":2,"name":"Startseite"}]},{"@type":"WebSite","@id":"https:\/\/www.salonmusik-saitenspruenge.de\/#website","url":"https:\/\/www.salonmusik-saitenspruenge.de\/","name":"SALONMUSIK-SAITENSPRUENGE","description":"SALONMUSIK-SAITENSPRUENGE","potentialAction":[{"@type":"SearchAction","target":{"@type":"EntryPoint","urlTemplate":"https:\/\/www.salonmusik-saitenspruenge.de\/?s={search_term_string}"},"query-input":{"@type":"PropertyValueSpecification","valueRequired":true,"valueName":"search_term_string"}}],"inLanguage":"de"}]}},"_links":{"self":[{"href":"https:\/\/www.salonmusik-saitenspruenge.de\/index.php?rest_route=\/wp\/v2\/pages\/2","targetHints":{"allow":["GET"]}}],"collection":[{"href":"https:\/\/www.salonmusik-saitenspruenge.de\/index.php?rest_route=\/wp\/v2\/pages"}],"about":[{"href":"https:\/\/www.salonmusik-saitenspruenge.de\/index.php?rest_route=\/wp\/v2\/types\/page"}],"author":[{"embeddable":true,"href":"https:\/\/www.salonmusik-saitenspruenge.de\/index.php?rest_route=\/wp\/v2\/users\/4"}],"replies":[{"embeddable":true,"href":"https:\/\/www.salonmusik-saitenspruenge.de\/index.php?rest_route=%2Fwp%2Fv2%2Fcomments&post=2"}],"version-history":[{"count":20,"href":"https:\/\/www.salonmusik-saitenspruenge.de\/index.php?rest_route=\/wp\/v2\/pages\/2\/revisions"}],"predecessor-version":[{"id":208,"href":"https:\/\/www.salonmusik-saitenspruenge.de\/index.php?rest_route=\/wp\/v2\/pages\/2\/revisions\/208"}],"wp:attachment":[{"href":"https:\/\/www.salonmusik-saitenspruenge.de\/index.php?rest_route=%2Fwp%2Fv2%2Fmedia&parent=2"}],"curies":[{"name":"wp","href":"https:\/\/api.w.org\/{rel}","templated":true}]}}